{"id":56407,"date":"2026-01-02T08:47:07","date_gmt":"2026-01-02T08:47:07","guid":{"rendered":"https:\/\/www.mka.lu\/?page_id=56407"},"modified":"2026-02-12T10:40:07","modified_gmt":"2026-02-12T10:40:07","slug":"evaluation-immobiliere","status":"publish","type":"page","link":"https:\/\/www.mka.lu\/?page_id=56407","title":{"rendered":"\u00c9valuation immobili\u00e8re"},"content":{"rendered":"        <style>\n            .tm-intro {\n                text-align: center;\n                max-width: 800px;\n                margin: 5rem auto;\n            }\n\n            .tm-intro h2 {\n                margin: 0 0 .5rem 0;\n                font-size: clamp(1.5rem, 2.2vw, 2rem);\n                line-height: 1.2\n            }\n\n            .tm-intro p {\n                margin: 0;\n                color: #4b5563\n            }\n\n            .tm-intro .tm-cta {\n                margin-top: 1rem\n            }\n\n            .tm-button {\n                display: inline-block;\n                padding: .65rem 1rem;\n                background: #111827;\n                color: #fff;\n                border-radius: .5rem;\n                text-decoration: none\n            }\n\n            .tm-button:hover {\n                background: #0b1220\n            }\n\n            .tm-grid {\n                display: grid;\n                gap: 1rem\n            }\n\n            @media (min-width:480px) {\n                .tm-grid {\n                    grid-template-columns: repeat(2, minmax(0, 1fr))\n                }\n            }\n\n            @media (min-width:768px) {\n                .tm-grid {\n                    grid-template-columns: repeat(3, minmax(0, 1fr))\n                }\n            }\n\n            @media (min-width:1024px) {\n                .tm-grid {\n                    grid-template-columns: repeat(4, minmax(0, 1fr))\n                }\n            }\n\n            .tm-card {\n                border: 1px solid #e5e7eb;\n                border-radius: 12px;\n                padding: 1rem;\n                background: #fff;\n                display: flex;\n                flex-direction: column;\n                gap: .5rem\n            }\n\n            .tm-avatar {\n                width: 100%;\n                height: auto;\n                border-radius: 10px;\n                object-fit: cover;\n                object-position: center top\n            }\n\n            .tm-name {\n                font-weight: 600;\n                line-height: 1.3;\n                margin: 0\n            }\n\n            .tm-meta {\n                margin: 0;\n                font-size: .95rem;\n                color: #374151\n            }\n\n            .tm-links a {\n                display: inline-flex;\n                align-items: center;\n                gap: .375rem;\n                margin-right: .5rem;\n                text-decoration: none\n            }\n\n            .tm-links a:hover {\n                text-decoration: underline\n            }\n\n            .tm-icon {\n                width: 1em;\n                height: 1em;\n                flex: 0 0 auto;\n            }\n\n\n\n\n\n            .tm-avatar-fullwidth {\n                width: 100%;\n                display: block;\n                border-radius: 0;\n            }\n        <\/style>\n<div class=\"tm-card-fullwidth-wrapper\"><div class=\"tm-card tm-card-fullwidth\"><img class=\"tm-avatar tm-avatar-fullwidth\" src=\"https:\/\/www.mka.lu\/wp-content\/uploads\/ebc-strassen-2-070425-B-2-e1769161047242.jpg\" alt=\"Team\"><\/div><\/div>\n<div class=\"tm-intro\"><h2>Evaluation de votre appartement, maison ou terrain au Luxembourg.<\/h2><p>Que vous souhaitiez faire estimer un appartement, une maison ou un terrain au Luxembourg, notre \u00e9quipe est \u00e0 votre disposition pour vous offrir une \u00e9valuation pr\u00e9cise et fiable. Profitez de cette estimation sans frais, r\u00e9alis\u00e9e par des professionnels qualifi\u00e9s et exp\u00e9riment\u00e9s.<\/p><div class=\"tm-cta\"><a class=\"tm-button\" href=\"tel:+352%2026%2031%2000%2008\">+352 26 31 00 08<\/a><\/div><\/div>\n<div role=\"form\" class=\"wpcf7\" id=\"wpcf7-f56416-o1\" lang=\"fr-FR\" dir=\"ltr\">\n<div class=\"screen-reader-response\"><p role=\"status\" aria-live=\"polite\" aria-atomic=\"true\"><\/p> <ul><\/ul><\/div>\n<form action=\"\/index.php?rest_route=%2Fwp%2Fv2%2Fpages%2F56407#wpcf7-f56416-o1\" method=\"post\" class=\"wpcf7-form init\" novalidate=\"novalidate\" data-status=\"init\">\n<div style=\"display: none;\">\n<input type=\"hidden\" name=\"_wpcf7\" value=\"56416\" \/>\n<input type=\"hidden\" name=\"_wpcf7_version\" value=\"5.5.6\" \/>\n<input type=\"hidden\" name=\"_wpcf7_locale\" value=\"fr_FR\" \/>\n<input type=\"hidden\" name=\"_wpcf7_unit_tag\" value=\"wpcf7-f56416-o1\" \/>\n<input type=\"hidden\" name=\"_wpcf7_container_post\" value=\"0\" \/>\n<input type=\"hidden\" name=\"_wpcf7_posted_data_hash\" value=\"\" \/>\n<\/div>\n<label>Votre nom et pr\u00e9nom\n<span class=\"wpcf7-form-control-wrap full-name\"><input type=\"text\" name=\"full-name\" value=\"\" size=\"40\" class=\"wpcf7-form-control wpcf7-text wpcf7-validates-as-required\" aria-required=\"true\" aria-invalid=\"false\" \/><\/span>\n<\/label>\n<label>Votre adresse email\n<span class=\"wpcf7-form-control-wrap email-address\"><input type=\"email\" name=\"email-address\" value=\"\" size=\"40\" class=\"wpcf7-form-control wpcf7-text wpcf7-email wpcf7-validates-as-required wpcf7-validates-as-email\" aria-required=\"true\" aria-invalid=\"false\" \/><\/span>\n<\/label>\n<label>Votre num\u00e9ro de t\u00e9l\u00e9phone\n<span class=\"wpcf7-form-control-wrap phone-number\"><input type=\"tel\" name=\"phone-number\" value=\"\" size=\"40\" class=\"wpcf7-form-control wpcf7-text wpcf7-tel wpcf7-validates-as-required wpcf7-validates-as-tel\" aria-required=\"true\" aria-invalid=\"false\" \/><\/span>\n<\/label>\n<label>Objet\n<span class=\"wpcf7-form-control-wrap property-type\"><select name=\"property-type\" class=\"wpcf7-form-control wpcf7-select wpcf7-validates-as-required\" aria-required=\"true\" aria-invalid=\"false\"><option value=\"Appartement\">Appartement<\/option><option value=\"Maison isol\u00e9e\">Maison isol\u00e9e<\/option><option value=\"Maison jumel\u00e9e\">Maison jumel\u00e9e<\/option><option value=\"Maison en bande\">Maison en bande<\/option><option value=\"Immeuble de rapport\">Immeuble de rapport<\/option><option value=\"Bureau\">Bureau<\/option><option value=\"Commerce\">Commerce<\/option><option value=\"Parking\">Parking<\/option><option value=\"Terrain \u00e0 b\u00e2tir\">Terrain \u00e0 b\u00e2tir<\/option><option value=\"Terrain agricole\">Terrain agricole<\/option><\/select><\/span>\n<\/label>\n\n<label>Adresse de l\u2019objet ou num\u00e9ro cadastral\n<span class=\"wpcf7-form-control-wrap property-address\"><input type=\"text\" name=\"property-address\" value=\"\" size=\"40\" class=\"wpcf7-form-control wpcf7-text wpcf7-validates-as-required\" aria-required=\"true\" aria-invalid=\"false\" \/><\/span>\n<\/label>\n\n<label>Surface (en m\u00b2)\n<span class=\"wpcf7-form-control-wrap surface\"><input type=\"number\" name=\"surface\" value=\"\" class=\"wpcf7-form-control wpcf7-number wpcf7-validates-as-required wpcf7-validates-as-number\" min=\"0\" step=\"1\" aria-required=\"true\" aria-invalid=\"false\" \/><\/span>\n<\/label>\n\n<label>Nombre de chambres\n<span class=\"wpcf7-form-control-wrap bedrooms\"><input type=\"number\" name=\"bedrooms\" value=\"\" class=\"wpcf7-form-control wpcf7-number wpcf7-validates-as-required wpcf7-validates-as-number\" min=\"0\" step=\"1\" aria-required=\"true\" aria-invalid=\"false\" \/><\/span>\n<\/label>\n\n<label>Superficie du terrain\n<span class=\"wpcf7-form-control-wrap superficie-terrain\"><input type=\"text\" name=\"superficie-terrain\" value=\"\" size=\"40\" class=\"wpcf7-form-control wpcf7-text\" aria-invalid=\"false\" \/><\/span>\n<\/label>\n\n<label>Ann\u00e9e de construction\n<span class=\"wpcf7-form-control-wrap annee-construction\"><input type=\"text\" name=\"annee-construction\" value=\"\" size=\"40\" class=\"wpcf7-form-control wpcf7-text\" aria-invalid=\"false\" \/><\/span>\n<\/label>\n\n<label>\nCPE\n<span class=\"wpcf7-form-control-wrap cpe\"><input type=\"text\" name=\"cpe\" value=\"\" size=\"40\" class=\"wpcf7-form-control wpcf7-text\" aria-invalid=\"false\" \/><\/span>\n<\/label>\n\n<label>Votre message\n<span class=\"wpcf7-form-control-wrap message\"><textarea name=\"message\" cols=\"40\" rows=\"10\" class=\"wpcf7-form-control wpcf7-textarea\" aria-invalid=\"false\"><\/textarea><\/span>\n<\/label>\n\n<input type=\"submit\" value=\"Envoyer la demande\" class=\"wpcf7-form-control has-spinner wpcf7-submit\" \/><div class=\"wpcf7-response-output\" aria-hidden=\"true\"><\/div><\/form><\/div>\n","protected":false},"excerpt":{"rendered":"","protected":false},"author":1,"featured_media":0,"parent":0,"menu_order":0,"comment_status":"closed","ping_status":"closed","template":"","meta":[],"aioseo_notices":[],"_links":{"self":[{"href":"https:\/\/www.mka.lu\/index.php?rest_route=\/wp\/v2\/pages\/56407"}],"collection":[{"href":"https:\/\/www.mka.lu\/index.php?rest_route=\/wp\/v2\/pages"}],"about":[{"href":"https:\/\/www.mka.lu\/index.php?rest_route=\/wp\/v2\/types\/page"}],"author":[{"embeddable":true,"href":"https:\/\/www.mka.lu\/index.php?rest_route=\/wp\/v2\/users\/1"}],"replies":[{"embeddable":true,"href":"https:\/\/www.mka.lu\/index.php?rest_route=%2Fwp%2Fv2%2Fcomments&post=56407"}],"version-history":[{"count":20,"href":"https:\/\/www.mka.lu\/index.php?rest_route=\/wp\/v2\/pages\/56407\/revisions"}],"predecessor-version":[{"id":56894,"href":"https:\/\/www.mka.lu\/index.php?rest_route=\/wp\/v2\/pages\/56407\/revisions\/56894"}],"wp:attachment":[{"href":"https:\/\/www.mka.lu\/index.php?rest_route=%2Fwp%2Fv2%2Fmedia&parent=56407"}],"curies":[{"name":"wp","href":"https:\/\/api.w.org\/{rel}","templated":true}]}}