{"id":23047,"date":"2019-04-16T08:40:53","date_gmt":"2019-04-16T08:40:53","guid":{"rendered":"http:\/\/www.mka.lu\/?page_id=23047"},"modified":"2025-11-14T13:33:29","modified_gmt":"2025-11-14T13:33:29","slug":"bareme-des-commissions-2","status":"publish","type":"page","link":"https:\/\/www.mka.lu\/?page_id=23047","title":{"rendered":"Bar\u00e8me des commissions"},"content":{"rendered":"\r\n<p>Bar\u00e8me des commissions<\/p>\r\n\r\n\r\n\r\n<p>La commission d\u2019agence (un mois de loyer plus la TVA en vigueur) sera partag\u00e9e \u00e9quitablement \u2013 donc 50\/50 &#8211; entre le bailleur d\u2019une part et le locataire d\u2019autre part et chacune des parties r\u00e9glera sa part, d\u00e8s la signature du pr\u00e9sent bail.<\/p>\r\n<p>\r\n\r\n<\/p>\r\n<p>La caution \/ garantie bancaire : 2 mois de loyer\u00a0<\/p>\r\n<p>\r\n\r\n<\/p>\r\n<p>Pour la vente, la commission d&rsquo;agence s&rsquo;\u00e9l\u00e8ve \u00e0 maximum 3 % du prix de vente + 17 % TVA. Cette commission pourra varier selon mandat exclusif ou non-exclusif<\/p>\r\n","protected":false},"excerpt":{"rendered":"<p>Bar\u00e8me des commissions La commission d\u2019agence (un mois de loyer plus la TVA en vigueur) sera partag\u00e9e \u00e9quitablement \u2013 donc 50\/50 &#8211; entre le bailleur d\u2019une part et le locataire d\u2019autre part et chacune des parties r\u00e9glera sa part, d\u00e8s la signature du pr\u00e9sent bail. La caution \/ garantie bancaire : 2 mois de loyer\u00a0&hellip;<\/p>\n","protected":false},"author":7,"featured_media":0,"parent":0,"menu_order":0,"comment_status":"closed","ping_status":"closed","template":"","meta":[],"aioseo_notices":[],"_links":{"self":[{"href":"https:\/\/www.mka.lu\/index.php?rest_route=\/wp\/v2\/pages\/23047"}],"collection":[{"href":"https:\/\/www.mka.lu\/index.php?rest_route=\/wp\/v2\/pages"}],"about":[{"href":"https:\/\/www.mka.lu\/index.php?rest_route=\/wp\/v2\/types\/page"}],"author":[{"embeddable":true,"href":"https:\/\/www.mka.lu\/index.php?rest_route=\/wp\/v2\/users\/7"}],"replies":[{"embeddable":true,"href":"https:\/\/www.mka.lu\/index.php?rest_route=%2Fwp%2Fv2%2Fcomments&post=23047"}],"version-history":[{"count":2,"href":"https:\/\/www.mka.lu\/index.php?rest_route=\/wp\/v2\/pages\/23047\/revisions"}],"predecessor-version":[{"id":55853,"href":"https:\/\/www.mka.lu\/index.php?rest_route=\/wp\/v2\/pages\/23047\/revisions\/55853"}],"wp:attachment":[{"href":"https:\/\/www.mka.lu\/index.php?rest_route=%2Fwp%2Fv2%2Fmedia&parent=23047"}],"curies":[{"name":"wp","href":"https:\/\/api.w.org\/{rel}","templated":true}]}}